{"id":9822,"date":"2013-02-12T16:57:11","date_gmt":"2013-02-12T14:57:11","guid":{"rendered":"http:\/\/labastidane.fr\/petitsriens\/?page_id=9822"},"modified":"2016-01-19T08:08:24","modified_gmt":"2016-01-19T07:08:24","slug":"les-liens","status":"publish","type":"page","link":"https:\/\/labastidane.fr\/petitsriens\/les-liens\/","title":{"rendered":"Les liens \u00e0 d\u00e9couvrir"},"content":{"rendered":"<h2 style=\"text-align: center;\">Qui suis-je ?<\/h2>\n<p style=\"text-align: center;\">Le d\u00e9couvrir <a href=\"http:\/\/www.labastidane.com\/qui-suis-je-.phphttp:\/\/www.labastidane.com\/qui-suis-je-.php\">ICI<\/a><\/p>\n<p style=\"text-align: center;\">\n<ul>\n<li><a href=\"http:\/\/labastidane.fr\/journal\/\">La Bastidane Cr\u00e9ations improbables en Luberon<\/a><\/li>\n<li><a href=\"http:\/\/www.labastidane.com\/\">Ma Boutique<\/a><\/li>\n<li><a href=\"http:\/\/labastidane.fr\/blog\/\">Histoires de boites \u00e0 couture<\/a><\/li>\n<li><a href=\"http:\/\/www.aiguilles-en-luberon.com\">Aigu&rsquo;illes en Luberon<\/a><\/li>\n<li><a href=\"http:\/\/blog.dmc.fr\">DMC le Blog<\/a><\/li>\n<li><a href=\"http:\/\/www.kalimbaka.com\">Kalimbaka<\/a><\/li>\n<li><a href=\"http:\/\/fiodesbois.canalblog.com\/\">Laissez une trace par Flo des Bois<\/a><\/li>\n<\/ul>\n","protected":false},"excerpt":{"rendered":"<p>Qui suis-je ? Le d\u00e9couvrir ICI La Bastidane Cr\u00e9ations improbables en Luberon Ma Boutique Histoires de boites \u00e0 couture Aigu&rsquo;illes en Luberon DMC le Blog Kalimbaka Laissez une trace par Flo des Bois<\/p>\n","protected":false},"author":1,"featured_media":0,"parent":0,"menu_order":0,"comment_status":"open","ping_status":"open","template":"","meta":{"kt_blocks_editor_width":"","_monsterinsights_skip_tracking":false,"_monsterinsights_sitenote_active":false,"_monsterinsights_sitenote_note":"","_monsterinsights_sitenote_category":0,"footnotes":""},"class_list":["post-9822","page","type-page","status-publish","hentry"],"yoast_head":"<!-- This site is optimized with the Yoast SEO plugin v26.8 - https:\/\/yoast.com\/product\/yoast-seo-wordpress\/ -->\n<title>Les liens \u00e0 d\u00e9couvrir - Les Petits Riens de la Bastidane<\/title>\n<meta name=\"robots\" content=\"index, follow, max-snippet:-1, max-image-preview:large, max-video-preview:-1\" \/>\n<link rel=\"canonical\" href=\"https:\/\/labastidane.fr\/petitsriens\/les-liens\/\" \/>\n<meta property=\"og:locale\" content=\"fr_FR\" \/>\n<meta property=\"og:type\" content=\"article\" \/>\n<meta property=\"og:title\" content=\"Les liens \u00e0 d\u00e9couvrir - Les Petits Riens de la Bastidane\" \/>\n<meta property=\"og:description\" content=\"Qui suis-je ? Le d\u00e9couvrir ICI La Bastidane Cr\u00e9ations improbables en Luberon Ma Boutique Histoires de boites \u00e0 couture Aigu&rsquo;illes en Luberon DMC le Blog Kalimbaka Laissez une trace par Flo des Bois\" \/>\n<meta property=\"og:url\" content=\"https:\/\/labastidane.fr\/petitsriens\/les-liens\/\" \/>\n<meta property=\"og:site_name\" content=\"Les Petits Riens de la Bastidane\" \/>\n<meta property=\"article:publisher\" content=\"https:\/\/www.facebook.com\/labastidane\/\" \/>\n<meta property=\"article:modified_time\" content=\"2016-01-19T07:08:24+00:00\" \/>\n<meta name=\"twitter:card\" content=\"summary_large_image\" \/>\n<meta name=\"twitter:site\" content=\"@bastidane\" \/>\n<script type=\"application\/ld+json\" class=\"yoast-schema-graph\">{\"@context\":\"https:\/\/schema.org\",\"@graph\":[{\"@type\":\"WebPage\",\"@id\":\"https:\/\/labastidane.fr\/petitsriens\/les-liens\/\",\"url\":\"https:\/\/labastidane.fr\/petitsriens\/les-liens\/\",\"name\":\"Les liens \u00e0 d\u00e9couvrir - Les Petits Riens de la Bastidane\",\"isPartOf\":{\"@id\":\"https:\/\/labastidane.fr\/petitsriens\/#website\"},\"datePublished\":\"2013-02-12T14:57:11+00:00\",\"dateModified\":\"2016-01-19T07:08:24+00:00\",\"breadcrumb\":{\"@id\":\"https:\/\/labastidane.fr\/petitsriens\/les-liens\/#breadcrumb\"},\"inLanguage\":\"fr-FR\",\"potentialAction\":[{\"@type\":\"ReadAction\",\"target\":[\"https:\/\/labastidane.fr\/petitsriens\/les-liens\/\"]}]},{\"@type\":\"BreadcrumbList\",\"@id\":\"https:\/\/labastidane.fr\/petitsriens\/les-liens\/#breadcrumb\",\"itemListElement\":[{\"@type\":\"ListItem\",\"position\":1,\"name\":\"Accueil\",\"item\":\"https:\/\/labastidane.fr\/petitsriens\/\"},{\"@type\":\"ListItem\",\"position\":2,\"name\":\"Les liens \u00e0 d\u00e9couvrir\"}]},{\"@type\":\"WebSite\",\"@id\":\"https:\/\/labastidane.fr\/petitsriens\/#website\",\"url\":\"https:\/\/labastidane.fr\/petitsriens\/\",\"name\":\"Les Petits Riens de la Bastidane\",\"description\":\"365 Petits Riens\",\"publisher\":{\"@id\":\"https:\/\/labastidane.fr\/petitsriens\/#\/schema\/person\/da4b94873302ea92ea2d6fe7ca7e2d20\"},\"potentialAction\":[{\"@type\":\"SearchAction\",\"target\":{\"@type\":\"EntryPoint\",\"urlTemplate\":\"https:\/\/labastidane.fr\/petitsriens\/?s={search_term_string}\"},\"query-input\":{\"@type\":\"PropertyValueSpecification\",\"valueRequired\":true,\"valueName\":\"search_term_string\"}}],\"inLanguage\":\"fr-FR\"},{\"@type\":[\"Person\",\"Organization\"],\"@id\":\"https:\/\/labastidane.fr\/petitsriens\/#\/schema\/person\/da4b94873302ea92ea2d6fe7ca7e2d20\",\"name\":\"La Bastidane\",\"image\":{\"@type\":\"ImageObject\",\"inLanguage\":\"fr-FR\",\"@id\":\"https:\/\/labastidane.fr\/petitsriens\/#\/schema\/person\/image\/\",\"url\":\"https:\/\/secure.gravatar.com\/avatar\/39e359af48094cff86d31e7f41b95de6?s=96&d=identicon&r=g\",\"contentUrl\":\"https:\/\/secure.gravatar.com\/avatar\/39e359af48094cff86d31e7f41b95de6?s=96&d=identicon&r=g\",\"caption\":\"La Bastidane\"},\"logo\":{\"@id\":\"https:\/\/labastidane.fr\/petitsriens\/#\/schema\/person\/image\/\"},\"description\":\"Ceci est le carnet d'inspiration de la Bastidane, m\u00e9fiez vous des contrefa\u00e7ons ;-)\",\"sameAs\":[\"http:\/\/labastidane.fr\/\",\"https:\/\/www.facebook.com\/labastidane\/\",\"https:\/\/www.instagram.com\/labastidane\/\"]}]}<\/script>\n<!-- \/ Yoast SEO plugin. -->","yoast_head_json":{"title":"Les liens \u00e0 d\u00e9couvrir - Les Petits Riens de la Bastidane","robots":{"index":"index","follow":"follow","max-snippet":"max-snippet:-1","max-image-preview":"max-image-preview:large","max-video-preview":"max-video-preview:-1"},"canonical":"https:\/\/labastidane.fr\/petitsriens\/les-liens\/","og_locale":"fr_FR","og_type":"article","og_title":"Les liens \u00e0 d\u00e9couvrir - Les Petits Riens de la Bastidane","og_description":"Qui suis-je ? Le d\u00e9couvrir ICI La Bastidane Cr\u00e9ations improbables en Luberon Ma Boutique Histoires de boites \u00e0 couture Aigu&rsquo;illes en Luberon DMC le Blog Kalimbaka Laissez une trace par Flo des Bois","og_url":"https:\/\/labastidane.fr\/petitsriens\/les-liens\/","og_site_name":"Les Petits Riens de la Bastidane","article_publisher":"https:\/\/www.facebook.com\/labastidane\/","article_modified_time":"2016-01-19T07:08:24+00:00","twitter_card":"summary_large_image","twitter_site":"@bastidane","schema":{"@context":"https:\/\/schema.org","@graph":[{"@type":"WebPage","@id":"https:\/\/labastidane.fr\/petitsriens\/les-liens\/","url":"https:\/\/labastidane.fr\/petitsriens\/les-liens\/","name":"Les liens \u00e0 d\u00e9couvrir - Les Petits Riens de la Bastidane","isPartOf":{"@id":"https:\/\/labastidane.fr\/petitsriens\/#website"},"datePublished":"2013-02-12T14:57:11+00:00","dateModified":"2016-01-19T07:08:24+00:00","breadcrumb":{"@id":"https:\/\/labastidane.fr\/petitsriens\/les-liens\/#breadcrumb"},"inLanguage":"fr-FR","potentialAction":[{"@type":"ReadAction","target":["https:\/\/labastidane.fr\/petitsriens\/les-liens\/"]}]},{"@type":"BreadcrumbList","@id":"https:\/\/labastidane.fr\/petitsriens\/les-liens\/#breadcrumb","itemListElement":[{"@type":"ListItem","position":1,"name":"Accueil","item":"https:\/\/labastidane.fr\/petitsriens\/"},{"@type":"ListItem","position":2,"name":"Les liens \u00e0 d\u00e9couvrir"}]},{"@type":"WebSite","@id":"https:\/\/labastidane.fr\/petitsriens\/#website","url":"https:\/\/labastidane.fr\/petitsriens\/","name":"Les Petits Riens de la Bastidane","description":"365 Petits Riens","publisher":{"@id":"https:\/\/labastidane.fr\/petitsriens\/#\/schema\/person\/da4b94873302ea92ea2d6fe7ca7e2d20"},"potentialAction":[{"@type":"SearchAction","target":{"@type":"EntryPoint","urlTemplate":"https:\/\/labastidane.fr\/petitsriens\/?s={search_term_string}"},"query-input":{"@type":"PropertyValueSpecification","valueRequired":true,"valueName":"search_term_string"}}],"inLanguage":"fr-FR"},{"@type":["Person","Organization"],"@id":"https:\/\/labastidane.fr\/petitsriens\/#\/schema\/person\/da4b94873302ea92ea2d6fe7ca7e2d20","name":"La Bastidane","image":{"@type":"ImageObject","inLanguage":"fr-FR","@id":"https:\/\/labastidane.fr\/petitsriens\/#\/schema\/person\/image\/","url":"https:\/\/secure.gravatar.com\/avatar\/39e359af48094cff86d31e7f41b95de6?s=96&d=identicon&r=g","contentUrl":"https:\/\/secure.gravatar.com\/avatar\/39e359af48094cff86d31e7f41b95de6?s=96&d=identicon&r=g","caption":"La Bastidane"},"logo":{"@id":"https:\/\/labastidane.fr\/petitsriens\/#\/schema\/person\/image\/"},"description":"Ceci est le carnet d'inspiration de la Bastidane, m\u00e9fiez vous des contrefa\u00e7ons ;-)","sameAs":["http:\/\/labastidane.fr\/","https:\/\/www.facebook.com\/labastidane\/","https:\/\/www.instagram.com\/labastidane\/"]}]}},"_links":{"self":[{"href":"https:\/\/labastidane.fr\/petitsriens\/wp-json\/wp\/v2\/pages\/9822","targetHints":{"allow":["GET"]}}],"collection":[{"href":"https:\/\/labastidane.fr\/petitsriens\/wp-json\/wp\/v2\/pages"}],"about":[{"href":"https:\/\/labastidane.fr\/petitsriens\/wp-json\/wp\/v2\/types\/page"}],"author":[{"embeddable":true,"href":"https:\/\/labastidane.fr\/petitsriens\/wp-json\/wp\/v2\/users\/1"}],"replies":[{"embeddable":true,"href":"https:\/\/labastidane.fr\/petitsriens\/wp-json\/wp\/v2\/comments?post=9822"}],"version-history":[{"count":11,"href":"https:\/\/labastidane.fr\/petitsriens\/wp-json\/wp\/v2\/pages\/9822\/revisions"}],"predecessor-version":[{"id":26859,"href":"https:\/\/labastidane.fr\/petitsriens\/wp-json\/wp\/v2\/pages\/9822\/revisions\/26859"}],"wp:attachment":[{"href":"https:\/\/labastidane.fr\/petitsriens\/wp-json\/wp\/v2\/media?parent=9822"}],"curies":[{"name":"wp","href":"https:\/\/api.w.org\/{rel}","templated":true}]}}